hat is 1069 - -1?
1070
In base 9, what is 8 + 2463?
2472
In base 2, what is -1010 + 10111?
1101
In base 2, what is 101 - -110?
1011
In base 12, what is b6 - -2?
b8
In base 8, what is 1 + 241?
242
In base 14, what is -2 - -58d?
58b
In base 4, what is 3 + -1112?
-1103
In base 14, what is -2 + -181?
-183
In base 16, what is 13a - -2?
13c
In base 16, what is 3 + -29?
-26
In base 11, what is 1a2 - 19?
184
In base 7, what is 25 + 5?
33
In base 8, what is 10 + -52?
-42
In base 6, what is 244254 - -4?
244302
In base 7, what is 20 + -6?
11
In base 8, what is -403 + 2?
-401
In base 13, what is -263 + -3?
-266
In base 9, what is -11 - 222?
-233
In base 8, what is 16 + -14?
2
In base 12, what is 2 - 49?
-47
In base 2, what is 11111 - 10000?
1111
In base 14, what is 6 - -589?
591
In base 4, what is -1 + 20?
13
In base 8, what is -31 - -20?
-11
In base 7, what is -5 + 41?
33
In base 8, what is 5 - -157?
164
In base 15, what is 2edc + -5?
2ed7
In base 2, what is 1000000010 + 1?
1000000011
In base 11, what is -350 + 15?
-336
In base 11, what is -5 + -67?
-71
In base 13, what is b56 - -2?
b58
In base 4, what is 11 - 21010?
-20333
In base 9, what is -5 + 5736?
5731
In base 9, what is -53 - 5?
-58
In base 12, what is -2 - 413?
-415
In base 4, what is 10 + -11302?
-11232
In base 2, what is -100 - 111110?
-1000010
In base 2, what is 100110 + 1011?
110001
In base 3, what is -101 + -1022211?
-1100012
In base 11, what is -21 + 595?
574
In base 10, what is -3 + 183?
180
In base 13, what is 4a6 + -3?
4a3
In base 5, what is 1 - 112?
-111
In base 3, what is -12 - -202?
120
In base 6, what is 14205 + -5?
14200
In base 7, what is 14606 - -2?
14611
In base 13, what is -57 + -8c?
-116
In base 12, what is 63 - -47?
aa
In base 6, what is 43 + 3?
50
In base 2, what is -1001 - -1?
-1000
In base 2, what is 100101 + 10011?
111000
In base 6, what is -10 + -1345?
-1355
In base 14, what is 1 - -cd?
d0
In base 6, what is -1035 + -3?
-1042
In base 2, what is 100 + 1000?
1100
In base 5, what is 2 - 413?
-411
In base 3, what is -2 + -10102?
-10111
In base 4, what is -30132 - -10?
-30122
In base 10, what is -2259 + 5?
-2254
In base 9, what is -160 + -2?
-162
In base 9, what is 5 - -685?
701
In base 8, what is 16 + -16?
0
In base 13, what is -9a + -27?
-c4
In base 11, what is 129 + -7?
122
In base 14, what is a + cd?
d9
In base 2, what is -11101 + 1001?
-10100
In base 12, what is 625 - 0?
625
In base 2, what is -1001001101 - -11?
-1001001010
In base 15, what is 7ab + -3?
7a8
In base 11, what is 131 + -1?
130
In base 13, what is -13 + -1c?
-32
In base 2, what is -111 + 111100?
110101
In base 11, what is 23a94 + -2?
23a92
In base 3, what is -11 + -21020?
-21101
In base 4, what is -22 + -110?
-132
In base 6, what is -14131 - -3?
-14124
In base 11, what is -3 + 119?
116
In base 7, what is -26 - -543?
514
In base 10, what is -1 - -195?
194
In base 9, what is -2 + -207?
-210
In base 16, what is -828 - 3?
-82b
In base 5, what is 0 - -31?
31
In base 10, what is -665 + 2?
-663
In base 14, what is -38 + -27?
-61
In base 15, what is 5cc + -3?
5c9
In base 5, what is 10 + 214?
224
In base 3, what is -2101122 + 11?
-2101111
In base 12, what is -216 + 9?
-209
In base 3, what is -21210 - -112?
-21021
In base 7, what is -4 + -201?
-205
In base 10, what is -875 - -1?
-874
In base 10, what is 2 - -5?
7
In base 13, what is -2 - 36?
-38
In base 12, what is 6 - b?
-5
In base 4, what is 1 + 10111?
10112
In base 16, what is -e - 1?
-f
In base 10, what is 45 + 6?
51
In base 7, what is -4 + 3266?
3262
In base 14, what is -8 + -43?
-4b
In base 8, what is -133 - -11?
-122
In base 4, what is 11 + -113?
-102
In base 2, what is -10 - 101001?
-101011
In base 4, what is 20 - -123320?
130000
In base 12, what is -264 - 3?
-267
In base 6, what is 555 + 3?
1002
In base 11, what is 10a + -13?
a7
In base 6, what is 3430 + -101?
3325
In base 11, what is -6 - 1a?
-25
In base 8, what is 47 - -7?
56
In base 7, what is 1254 - 6?
1245
In base 15, what is 0 - -56?
56
In base 11, what is 25a + -2?
258
In base 12, what is -5 - 66b?
-674
In base 2, what is -1000110110 + -11?
-1000111001
In base 11, what is 179 - a?
16a
In base 6, what is -54255 + 5?
-54250
In base 2, what is 101101110 - -111?
101110101
In base 12, what is 10 + -a?
2
In base 4, what is -22310 - 10?
-22320
In base 11, what is 7 - 160?
-154
In base 14, what is -db + 0?
-db
In base 12, what is -51 - 5?
-56
In base 10, what is 51 - -2?
53
In base 9, what is -62 + 32?
-30
In base 12, what is -11 + 3?
-a
In base 14, what is -1 - -48?
47
In base 4, what is -10 - 3103?
-3113
In base 16, what is -112 - -4?
-10e
In base 11, what is 1 - -107?
108
In base 10, what is -117 + 0?
-117
In base 11, what is 83 - 2?
81
In base 16, what is -fb - -19?
-e2
In base 6, what is -45100 - 0?
-45100
In base 14, what is 2 - 1?
1
In base 12, what is 6 + 39a?
3a4
In base 4, what is 31211 - -3?
31220
In base 2, what is 10101001101 + -1101?
10101000000
In base 4, what is -13200 - 20?
-13220
In base 6, what is 3251 + -2?
3245
In base 6, what is 4 + 550?
554
In base 7, what is 2131 + 0?
2131
In base 5, what is 3 + -31341?
-31333
In base 8, what is 172 - -5?
177
In base 15, what is 14a - e?
13b
In base 5, what is 3 + -1241?
-1233
In base 3, what is -100012 + 1010?
-22002
In base 16, what is 2f + 12?
41
In base 9, what is 7 + 14?
22
In base 9, what is -322 - -7?
-314
In base 11, what is -6 - -974?
969
In base 15, what is -a5 - 3?
-a8
In base 8, what is -111 + -127?
-240
In base 14, what is 4 - -35?
39
In base 4, what is 2001 - -2102?
10103
In base 3, what is 1 + -2012?
-2011
In base 5, what is -10 - 2401?
-2411
In base 10, what is -4 - -450?
446
In base 16, what is -18 - 31?
-49
In base 13, what is -5 - a9?
-b1
In base 16, what is -d4 - 5?
-d9
In base 9, what is 4286 + 5?
4302
In base 11, what is -3 - 828?
-830
In base 4, what is 2021 - 1120?
301
In base 11, what is -18 - 5?
-22
In base 4, what is -2021 - -10?
-2011
In base 13, what is 15 - -37?
4c
In base 14, what is -1d + -5?
-24
In base 5, what is -1 + 43?
42
In base 13, what is -7 - -11?
7
In base 4, what is 13 - -10311?
10330
In base 4, what is 11 - 31?
-20
In base 12, what is -32a - -2?
-328
In base 3, what is 201212 + 11?
202000
In base 11, what is 5 + -a?
-5
In base 11, what is 5 - 475?
-470
In base 13, what is -11 - 7c?
-90
In base 16, what is 90 + -9f?
-f
In base 8, what is -12 - 2?
-14
In base 6, what is 1025 - 0?
1025
In base 14, what is 1b835 + -5?
1b830
In base 11, what is -253 + -92?
-335
In base 5, what is -12041 + 2?
-12034
In base 13, what is 60 - -3?
63
In base 15, what is -1 - -158e?
158d
In base 7, what is 6315 - -1?
6316
In base 9, what is 30 + 7?
37
In base 4, what is 130111 + 2?
130113
In base 11, what is -737 - 2?
-739
In base 16, what is 3 + -36?
-33
In base 2, what is -10010 + -1101?
-11111
In base 3, what is 11111 + -10?
11101
In base 3, what is 2002122 - 1?
2002121
In base 13, what is 10a + -1a?
c0
In base 6, what is -454 + 0?
-454
In base 10, what is -1 + 2043?
2042
In base 9, what is -321 - 4?
-325
In base 15, what is 2 - -21c?
21e
In base 16, what is 17 + 34?
4b
In base 12, what is 32 + 15?
47
In base 4, what is -100 - 22203?
-22303
In base 8, what is -5 + -1636?
-1643
In base 7, what is 5 - -22?
30
In base 4, what is 112 - 300?
-122
In base 13, what is -220 - -5?
-218
In base 7, what is 4 - -1?
5
In base 13, what is 20 + 314?
334
In base 6, what is -4 + 3142?
3134
In base 11, what is 37a + -16?
364
In base 16, what is 0 - -1ec?
1ec
In base 7, what is -4313 + 0?
-4313
In base 8, what is 5 - -170?
175
In base 15, what is -110 - -2?
-10d
In base 15, what is b91 - 2?
b8e
In base 6, what is -11 + -121?
-132
In base 10, what is -1 + 297?
296
In base 16, what is -6 - 6f?
-75
In base 5, what is -12 - -120?
103
In base 9, what is 43 + 233?
276
In base 3, what is 11 + 2122?
2210
In base 10, what is 142 + -5?
137
In base 15, what is 1708 + 0?
1708
In base 8, what is 11 - 3402?
-3371
In base 15, what is 1 - -5a?
5b
In base 13, what is -9 - 17?
-23
In base 7, what is 565 + -3?
562
In base 2, what is 1010000 - -1?
1010001
In base 16, what is 11 + 12?
23
In base 9, what is -20 - 44?
-64
In base 6, what is 1 + 1522?
1523
In base 9, what is -6 + -17?
-24
In base 14, what is 22 + -12?
10
In base 4, what is 1 - 11030?
-11023
In base 11, wh